{"id":744,"date":"2024-07-08T06:44:56","date_gmt":"2024-07-08T06:44:56","guid":{"rendered":"https:\/\/dpsample.com\/wp_themes\/restimo\/?page_id=744"},"modified":"2026-01-12T07:11:35","modified_gmt":"2026-01-12T07:11:35","slug":"contact-us","status":"publish","type":"page","link":"https:\/\/chickenclubfrance.com\/index.php\/contact-us\/","title":{"rendered":"Nous contacter"},"content":{"rendered":"\t\t<div data-elementor-type=\"wp-page\" data-elementor-id=\"744\" class=\"elementor elementor-744\">\n\t\t\t\t<div class=\"elementor-element elementor-element-a5eb63c e-flex e-con-boxed e-con e-parent\" data-id=\"a5eb63c\" data-element_type=\"container\" data-e-type=\"container\" data-settings=\"{&quot;background_background&quot;:&quot;classic&quot;}\">\n\t\t\t\t\t<div class=\"e-con-inner\">\n\t\t<div class=\"elementor-element elementor-element-23f6065 e-con-full e-flex e-con e-child\" data-id=\"23f6065\" data-element_type=\"container\" data-e-type=\"container\">\n\t\t<div class=\"elementor-element elementor-element-6459019 e-con-full e-flex e-con e-child\" data-id=\"6459019\" data-element_type=\"container\" data-e-type=\"container\">\n\t\t\t\t<div class=\"elementor-element elementor-element-da86d2e elementor-widget elementor-widget-google_maps\" data-id=\"da86d2e\" data-element_type=\"widget\" data-e-type=\"widget\" data-widget_type=\"google_maps.default\">\n\t\t\t\t<div class=\"elementor-widget-container\">\n\t\t\t\t\t\t\t<div class=\"elementor-custom-embed\">\n\t\t\t<iframe loading=\"lazy\"\n\t\t\t\t\tsrc=\"https:\/\/maps.google.com\/maps?q=49.4226494%2C2.8207364&#038;t=m&#038;z=15&#038;output=embed&#038;iwloc=near\"\n\t\t\t\t\ttitle=\"49.4226494,2.8207364\"\n\t\t\t\t\taria-label=\"49.4226494,2.8207364\"\n\t\t\t><\/iframe>\n\t\t<\/div>\n\t\t\t\t\t\t<\/div>\n\t\t\t\t<\/div>\n\t\t\t\t<div class=\"elementor-element elementor-element-bda2c85 elementor-absolute animated-fast with-border-no elementor-invisible elementor-widget elementor-widget-iiconbox1\" data-id=\"bda2c85\" data-element_type=\"widget\" data-e-type=\"widget\" data-settings=\"{&quot;_position&quot;:&quot;absolute&quot;,&quot;_animation&quot;:&quot;fadeInLeft&quot;}\" data-widget_type=\"iiconbox1.default\">\n\t\t\t\t<div class=\"elementor-widget-container\">\n\t\t\t\t\t\t\t<div class=\"icon-box icon-box-1\">\r\n\t\t\t<div class=\"icon-main\">\r\n\t\t\t\t<span class=\"circle-animate\"><\/span>\r\n\t\t    \t<i aria-hidden=\"true\" class=\"ci ci-Group-33\"><\/i>\t        <\/div>\r\n\t        <div class=\"content-box\">\r\n\t\t\t\t\t\t\t\t\t\t\t<\/div>\r\n\t\t\t\t\r\n\t    <\/div>\r\n\t    \t\t\t\t<\/div>\n\t\t\t\t<\/div>\n\t\t\t\t<div class=\"elementor-element elementor-element-f79e7c1 elementor-absolute animated-fast with-border-no elementor-invisible elementor-widget elementor-widget-iiconbox1\" data-id=\"f79e7c1\" data-element_type=\"widget\" data-e-type=\"widget\" data-settings=\"{&quot;_position&quot;:&quot;absolute&quot;,&quot;_animation&quot;:&quot;fadeInUp&quot;}\" data-widget_type=\"iiconbox1.default\">\n\t\t\t\t<div class=\"elementor-widget-container\">\n\t\t\t\t\t\t\t<div class=\"icon-box icon-box-1\">\r\n\t\t\t<div class=\"icon-main\">\r\n\t\t\t\t<span class=\"circle-animate\"><\/span>\r\n\t\t    \t<i aria-hidden=\"true\" class=\"ci ci-Group-25\"><\/i>\t        <\/div>\r\n\t        <div class=\"content-box\">\r\n\t\t\t\t\t\t\t\t\t\t\t<\/div>\r\n\t\t\t\t\r\n\t    <\/div>\r\n\t    \t\t\t\t<\/div>\n\t\t\t\t<\/div>\n\t\t\t\t<\/div>\n\t\t\t\t<\/div>\n\t\t\t\t\t<\/div>\n\t\t\t\t<\/div>\n\t\t\t\t<section class=\"elementor-section elementor-top-section elementor-element elementor-element-4aacb4c3 elementor-hidden-desktop elementor-section-boxed elementor-section-height-default elementor-section-height-default\" data-id=\"4aacb4c3\" data-element_type=\"section\" data-e-type=\"section\" id=\"app-footer-menu\" data-settings=\"{&quot;background_background&quot;:&quot;classic&quot;}\">\n\t\t\t\t\t\t<div class=\"elementor-container elementor-column-gap-default\">\n\t\t\t\t\t<div class=\"elementor-column elementor-col-100 elementor-top-column elementor-element elementor-element-7e111939 xp-column-items-top xp-flex-column-horizontal\" data-id=\"7e111939\" data-element_type=\"column\" data-e-type=\"column\" data-settings=\"{&quot;background_background&quot;:&quot;classic&quot;}\">\n\t\t\t<div class=\"elementor-widget-wrap elementor-element-populated\">\n\t\t\t\t\t\t<div class=\"elementor-element elementor-element-47954948 elementor-widget__width-auto elementor-view-default elementor-position-block-start elementor-mobile-position-block-start elementor-widget elementor-widget-icon-box\" data-id=\"47954948\" data-element_type=\"widget\" data-e-type=\"widget\" data-widget_type=\"icon-box.default\">\n\t\t\t\t<div class=\"elementor-widget-container\">\n\t\t\t\t\t\t\t<div class=\"elementor-icon-box-wrapper\">\n\n\t\t\t\t\t\t<div class=\"elementor-icon-box-icon\">\n\t\t\t\t<a href=\"https:\/\/chickenclubfrance.com\/\" class=\"elementor-icon\" tabindex=\"-1\" aria-label=\"HJEM\">\n\t\t\t\t<svg aria-hidden=\"true\" class=\"e-font-icon-svg e-fas-home\" viewBox=\"0 0 576 512\" xmlns=\"http:\/\/www.w3.org\/2000\/svg\"><path d=\"M280.37 148.26L96 300.11V464a16 16 0 0 0 16 16l112.06-.29a16 16 0 0 0 15.92-16V368a16 16 0 0 1 16-16h64a16 16 0 0 1 16 16v95.64a16 16 0 0 0 16 16.05L464 480a16 16 0 0 0 16-16V300L295.67 148.26a12.19 12.19 0 0 0-15.3 0zM571.6 251.47L488 182.56V44.05a12 12 0 0 0-12-12h-56a12 12 0 0 0-12 12v72.61L318.47 43a48 48 0 0 0-61 0L4.34 251.47a12 12 0 0 0-1.6 16.9l25.5 31A12 12 0 0 0 45.15 301l235.22-193.74a12.19 12.19 0 0 1 15.3 0L530.9 301a12 12 0 0 0 16.9-1.6l25.5-31a12 12 0 0 0-1.7-16.93z\"><\/path><\/svg>\t\t\t\t<\/a>\n\t\t\t<\/div>\n\t\t\t\n\t\t\t\t\t\t<div class=\"elementor-icon-box-content\">\n\n\t\t\t\t\t\t\t\t\t<h3 class=\"elementor-icon-box-title\">\n\t\t\t\t\t\t<a href=\"https:\/\/chickenclubfrance.com\/\" >\n\t\t\t\t\t\t\tHJEM\t\t\t\t\t\t<\/a>\n\t\t\t\t\t<\/h3>\n\t\t\t\t\n\t\t\t\t\n\t\t\t<\/div>\n\t\t\t\n\t\t<\/div>\n\t\t\t\t\t\t<\/div>\n\t\t\t\t<\/div>\n\t\t\t\t<div class=\"elementor-element elementor-element-160099b6 elementor-widget__width-auto elementor-view-default elementor-position-block-start elementor-mobile-position-block-start elementor-widget elementor-widget-icon-box\" data-id=\"160099b6\" data-element_type=\"widget\" data-e-type=\"widget\" data-widget_type=\"icon-box.default\">\n\t\t\t\t<div class=\"elementor-widget-container\">\n\t\t\t\t\t\t\t<div class=\"elementor-icon-box-wrapper\">\n\n\t\t\t\t\t\t<div class=\"elementor-icon-box-icon\">\n\t\t\t\t<a href=\"https:\/\/chickenclubfrance.com\/index.php\/our-menu\/\" class=\"elementor-icon\" tabindex=\"-1\" aria-label=\"BESTILL\">\n\t\t\t\t<svg aria-hidden=\"true\" class=\"e-font-icon-svg e-fas-utensils\" viewBox=\"0 0 416 512\" xmlns=\"http:\/\/www.w3.org\/2000\/svg\"><path d=\"M207.9 15.2c.8 4.7 16.1 94.5 16.1 128.8 0 52.3-27.8 89.6-68.9 104.6L168 486.7c.7 13.7-10.2 25.3-24 25.3H80c-13.7 0-24.7-11.5-24-25.3l12.9-238.1C27.7 233.6 0 196.2 0 144 0 109.6 15.3 19.9 16.1 15.2 19.3-5.1 61.4-5.4 64 16.3v141.2c1.3 3.4 15.1 3.2 16 0 1.4-25.3 7.9-139.2 8-141.8 3.3-20.8 44.7-20.8 47.9 0 .2 2.7 6.6 116.5 8 141.8.9 3.2 14.8 3.4 16 0V16.3c2.6-21.6 44.8-21.4 48-1.1zm119.2 285.7l-15 185.1c-1.2 14 9.9 26 23.9 26h56c13.3 0 24-10.7 24-24V24c0-13.2-10.7-24-24-24-82.5 0-221.4 178.5-64.9 300.9z\"><\/path><\/svg>\t\t\t\t<\/a>\n\t\t\t<\/div>\n\t\t\t\n\t\t\t\t\t\t<div class=\"elementor-icon-box-content\">\n\n\t\t\t\t\t\t\t\t\t<h3 class=\"elementor-icon-box-title\">\n\t\t\t\t\t\t<a href=\"https:\/\/chickenclubfrance.com\/index.php\/our-menu\/\" >\n\t\t\t\t\t\t\tBESTILL\t\t\t\t\t\t<\/a>\n\t\t\t\t\t<\/h3>\n\t\t\t\t\n\t\t\t\t\n\t\t\t<\/div>\n\t\t\t\n\t\t<\/div>\n\t\t\t\t\t\t<\/div>\n\t\t\t\t<\/div>\n\t\t\t\t<div class=\"elementor-element elementor-element-524144f9 elementor-widget__width-auto elementor-view-default elementor-position-block-start elementor-mobile-position-block-start elementor-widget elementor-widget-icon-box\" data-id=\"524144f9\" data-element_type=\"widget\" data-e-type=\"widget\" data-widget_type=\"icon-box.default\">\n\t\t\t\t<div class=\"elementor-widget-container\">\n\t\t\t\t\t\t\t<div class=\"elementor-icon-box-wrapper\">\n\n\t\t\t\t\t\t<div class=\"elementor-icon-box-icon\">\n\t\t\t\t<a href=\"tel:+4794456444\" class=\"elementor-icon\" tabindex=\"-1\" aria-label=\"RING\">\n\t\t\t\t<svg aria-hidden=\"true\" class=\"e-font-icon-svg e-fas-phone-alt\" viewBox=\"0 0 512 512\" xmlns=\"http:\/\/www.w3.org\/2000\/svg\"><path d=\"M497.39 361.8l-112-48a24 24 0 0 0-28 6.9l-49.6 60.6A370.66 370.66 0 0 1 130.6 204.11l60.6-49.6a23.94 23.94 0 0 0 6.9-28l-48-112A24.16 24.16 0 0 0 122.6.61l-104 24A24 24 0 0 0 0 48c0 256.5 207.9 464 464 464a24 24 0 0 0 23.4-18.6l24-104a24.29 24.29 0 0 0-14.01-27.6z\"><\/path><\/svg>\t\t\t\t<\/a>\n\t\t\t<\/div>\n\t\t\t\n\t\t\t\t\t\t<div class=\"elementor-icon-box-content\">\n\n\t\t\t\t\t\t\t\t\t<h3 class=\"elementor-icon-box-title\">\n\t\t\t\t\t\t<a href=\"tel:+4794456444\" >\n\t\t\t\t\t\t\tRING\t\t\t\t\t\t<\/a>\n\t\t\t\t\t<\/h3>\n\t\t\t\t\n\t\t\t\t\n\t\t\t<\/div>\n\t\t\t\n\t\t<\/div>\n\t\t\t\t\t\t<\/div>\n\t\t\t\t<\/div>\n\t\t\t\t<div class=\"elementor-element elementor-element-2a3105e2 elementor-widget elementor-widget-html\" data-id=\"2a3105e2\" data-element_type=\"widget\" data-e-type=\"widget\" id=\"app-footer-menu-code\" data-widget_type=\"html.default\">\n\t\t\t\t<div class=\"elementor-widget-container\">\n\t\t\t\t\t<style>\n    #app-footer-menu{\n        position: fixed;\n        bottom:0;\n        right: 0;\n        left: 0;\n        max-width: 400px;\n        max-height: 70px;\n        margin:auto;\n        z-index: 1000;\n    }\n    \n    #app-footer-menu-code{\n        display:none;\n    }\n    \n    #app-footer-menu .elementor-icon-box-icon a.elementor-icon,  #app-footer-menu .elementor-icon-box-title a{\n        padding: 15px;\n        margin: -15px;\n    }\n    .elementor-icon {\n    display: flex !important\n;\n    justify-content: center;\n}\n\n<\/style>\t\t\t\t<\/div>\n\t\t\t\t<\/div>\n\t\t\t\t\t<\/div>\n\t\t<\/div>\n\t\t\t\t\t<\/div>\n\t\t<\/section>\n\t\t\t\t<\/div>\n\t\t","protected":false},"excerpt":{"rendered":"<p>HJEM BESTILL RING<\/p>\n","protected":false},"author":2,"featured_media":0,"parent":0,"menu_order":0,"comment_status":"closed","ping_status":"closed","template":"","meta":{"footnotes":""},"class_list":["post-744","page","type-page","status-publish","hentry"],"yoast_head":"<!-- This site is optimized with the Yoast SEO plugin v27.4 - https:\/\/yoast.com\/product\/yoast-seo-wordpress\/ -->\n<title>Nous contacter Chicken Club Compi\u00e8gne | Fast Food &amp; Tacos \u00e0 Compi\u00e8gne<\/title>\n<meta name=\"description\" content=\"Opplev ekte indisk mat hos Kryddern i Oslo. Nyt spr\u00f8 samosa, smakfulle curryretter og tradisjonelle desserter. Bestill online og f\u00e5 levert hjem \u2013 Bestill n\u00e5! %\" \/>\n<meta name=\"robots\" content=\"index, follow, max-snippet:-1, max-image-preview:large, max-video-preview:-1\" \/>\n<link rel=\"canonical\" href=\"https:\/\/chickenclubfrance.com\/index.php\/contact-us\/\" \/>\n<meta property=\"og:locale\" content=\"en_US\" \/>\n<meta property=\"og:type\" content=\"article\" \/>\n<meta property=\"og:title\" content=\"Nous contacter Chicken Club Compi\u00e8gne | Fast Food &amp; Tacos \u00e0 Compi\u00e8gne\" \/>\n<meta property=\"og:description\" content=\"Opplev ekte indisk mat hos Kryddern i Oslo. Nyt spr\u00f8 samosa, smakfulle curryretter og tradisjonelle desserter. Bestill online og f\u00e5 levert hjem \u2013 Bestill n\u00e5! %\" \/>\n<meta property=\"og:url\" content=\"https:\/\/chickenclubfrance.com\/index.php\/contact-us\/\" \/>\n<meta property=\"og:site_name\" content=\"Chicken Club Compi\u00e8gne | Fast Food &amp; Tacos \u00e0 Compi\u00e8gne\" \/>\n<meta property=\"article:publisher\" content=\"https:\/\/facebook.com\/KryddernAS\" \/>\n<meta property=\"article:modified_time\" content=\"2026-01-12T07:11:35+00:00\" \/>\n<meta property=\"og:image\" content=\"https:\/\/chickenclubfrance.com\/wp-content\/uploads\/2024\/11\/kryddern-logo.png\" \/>\n\t<meta property=\"og:image:width\" content=\"350\" \/>\n\t<meta property=\"og:image:height\" content=\"100\" \/>\n\t<meta property=\"og:image:type\" content=\"image\/png\" \/>\n<meta name=\"twitter:card\" content=\"summary_large_image\" \/>\n<script type=\"application\/ld+json\" class=\"yoast-schema-graph\">{\"@context\":\"https:\\\/\\\/schema.org\",\"@graph\":[{\"@type\":\"WebPage\",\"@id\":\"https:\\\/\\\/chickenclubfrance.com\\\/index.php\\\/contact-us\\\/\",\"url\":\"https:\\\/\\\/chickenclubfrance.com\\\/index.php\\\/contact-us\\\/\",\"name\":\"Nous contacter Chicken Club Compi\u00e8gne | Fast Food &amp; Tacos \u00e0 Compi\u00e8gne\",\"isPartOf\":{\"@id\":\"https:\\\/\\\/chickenclubfrance.com\\\/#website\"},\"datePublished\":\"2024-07-08T06:44:56+00:00\",\"dateModified\":\"2026-01-12T07:11:35+00:00\",\"description\":\"Opplev ekte indisk mat hos Kryddern i Oslo. Nyt spr\u00f8 samosa, smakfulle curryretter og tradisjonelle desserter. Bestill online og f\u00e5 levert hjem \u2013 Bestill n\u00e5! %\",\"breadcrumb\":{\"@id\":\"https:\\\/\\\/chickenclubfrance.com\\\/index.php\\\/contact-us\\\/#breadcrumb\"},\"inLanguage\":\"en-US\",\"potentialAction\":[{\"@type\":\"ReadAction\",\"target\":[\"https:\\\/\\\/chickenclubfrance.com\\\/index.php\\\/contact-us\\\/\"]}]},{\"@type\":\"BreadcrumbList\",\"@id\":\"https:\\\/\\\/chickenclubfrance.com\\\/index.php\\\/contact-us\\\/#breadcrumb\",\"itemListElement\":[{\"@type\":\"ListItem\",\"position\":1,\"name\":\"Home\",\"item\":\"https:\\\/\\\/chickenclubfrance.com\\\/\"},{\"@type\":\"ListItem\",\"position\":2,\"name\":\"Nous contacter\"}]},{\"@type\":\"WebSite\",\"@id\":\"https:\\\/\\\/chickenclubfrance.com\\\/#website\",\"url\":\"https:\\\/\\\/chickenclubfrance.com\\\/\",\"name\":\"Kryddern \u2013 Autentisk Indisk Restaurant i Oslo | Smakfulle Retter\",\"description\":\"Votre destination gourmande pour Tacos, Wraps et Poulet croustillant au 31 Rue d&#039;Amiens.\",\"publisher\":{\"@id\":\"https:\\\/\\\/chickenclubfrance.com\\\/#organization\"},\"alternateName\":\"Kryddern \u2013 Authentic Indian Restaurant in Oslo | Tasty Dishes\",\"potentialAction\":[{\"@type\":\"SearchAction\",\"target\":{\"@type\":\"EntryPoint\",\"urlTemplate\":\"https:\\\/\\\/chickenclubfrance.com\\\/?s={search_term_string}\"},\"query-input\":{\"@type\":\"PropertyValueSpecification\",\"valueRequired\":true,\"valueName\":\"search_term_string\"}}],\"inLanguage\":\"en-US\"},{\"@type\":\"Organization\",\"@id\":\"https:\\\/\\\/chickenclubfrance.com\\\/#organization\",\"name\":\"kryddern\",\"url\":\"https:\\\/\\\/chickenclubfrance.com\\\/\",\"logo\":{\"@type\":\"ImageObject\",\"inLanguage\":\"en-US\",\"@id\":\"https:\\\/\\\/chickenclubfrance.com\\\/#\\\/schema\\\/logo\\\/image\\\/\",\"url\":\"https:\\\/\\\/chickenclubfrance.com\\\/wp-content\\\/uploads\\\/2024\\\/11\\\/kryddern-logo.png\",\"contentUrl\":\"https:\\\/\\\/chickenclubfrance.com\\\/wp-content\\\/uploads\\\/2024\\\/11\\\/kryddern-logo.png\",\"width\":350,\"height\":100,\"caption\":\"kryddern\"},\"image\":{\"@id\":\"https:\\\/\\\/chickenclubfrance.com\\\/#\\\/schema\\\/logo\\\/image\\\/\"},\"sameAs\":[\"https:\\\/\\\/facebook.com\\\/KryddernAS\"]}]}<\/script>\n<!-- \/ Yoast SEO plugin. -->","yoast_head_json":{"title":"Nous contacter Chicken Club Compi\u00e8gne | Fast Food &amp; Tacos \u00e0 Compi\u00e8gne","description":"Opplev ekte indisk mat hos Kryddern i Oslo. Nyt spr\u00f8 samosa, smakfulle curryretter og tradisjonelle desserter. Bestill online og f\u00e5 levert hjem \u2013 Bestill n\u00e5! %","robots":{"index":"index","follow":"follow","max-snippet":"max-snippet:-1","max-image-preview":"max-image-preview:large","max-video-preview":"max-video-preview:-1"},"canonical":"https:\/\/chickenclubfrance.com\/index.php\/contact-us\/","og_locale":"en_US","og_type":"article","og_title":"Nous contacter Chicken Club Compi\u00e8gne | Fast Food &amp; Tacos \u00e0 Compi\u00e8gne","og_description":"Opplev ekte indisk mat hos Kryddern i Oslo. Nyt spr\u00f8 samosa, smakfulle curryretter og tradisjonelle desserter. Bestill online og f\u00e5 levert hjem \u2013 Bestill n\u00e5! %","og_url":"https:\/\/chickenclubfrance.com\/index.php\/contact-us\/","og_site_name":"Chicken Club Compi\u00e8gne | Fast Food &amp; Tacos \u00e0 Compi\u00e8gne","article_publisher":"https:\/\/facebook.com\/KryddernAS","article_modified_time":"2026-01-12T07:11:35+00:00","og_image":[{"width":350,"height":100,"url":"https:\/\/chickenclubfrance.com\/wp-content\/uploads\/2024\/11\/kryddern-logo.png","type":"image\/png"}],"twitter_card":"summary_large_image","schema":{"@context":"https:\/\/schema.org","@graph":[{"@type":"WebPage","@id":"https:\/\/chickenclubfrance.com\/index.php\/contact-us\/","url":"https:\/\/chickenclubfrance.com\/index.php\/contact-us\/","name":"Nous contacter Chicken Club Compi\u00e8gne | Fast Food &amp; Tacos \u00e0 Compi\u00e8gne","isPartOf":{"@id":"https:\/\/chickenclubfrance.com\/#website"},"datePublished":"2024-07-08T06:44:56+00:00","dateModified":"2026-01-12T07:11:35+00:00","description":"Opplev ekte indisk mat hos Kryddern i Oslo. Nyt spr\u00f8 samosa, smakfulle curryretter og tradisjonelle desserter. Bestill online og f\u00e5 levert hjem \u2013 Bestill n\u00e5! %","breadcrumb":{"@id":"https:\/\/chickenclubfrance.com\/index.php\/contact-us\/#breadcrumb"},"inLanguage":"en-US","potentialAction":[{"@type":"ReadAction","target":["https:\/\/chickenclubfrance.com\/index.php\/contact-us\/"]}]},{"@type":"BreadcrumbList","@id":"https:\/\/chickenclubfrance.com\/index.php\/contact-us\/#breadcrumb","itemListElement":[{"@type":"ListItem","position":1,"name":"Home","item":"https:\/\/chickenclubfrance.com\/"},{"@type":"ListItem","position":2,"name":"Nous contacter"}]},{"@type":"WebSite","@id":"https:\/\/chickenclubfrance.com\/#website","url":"https:\/\/chickenclubfrance.com\/","name":"Kryddern \u2013 Autentisk Indisk Restaurant i Oslo | Smakfulle Retter","description":"Votre destination gourmande pour Tacos, Wraps et Poulet croustillant au 31 Rue d&#039;Amiens.","publisher":{"@id":"https:\/\/chickenclubfrance.com\/#organization"},"alternateName":"Kryddern \u2013 Authentic Indian Restaurant in Oslo | Tasty Dishes","potentialAction":[{"@type":"SearchAction","target":{"@type":"EntryPoint","urlTemplate":"https:\/\/chickenclubfrance.com\/?s={search_term_string}"},"query-input":{"@type":"PropertyValueSpecification","valueRequired":true,"valueName":"search_term_string"}}],"inLanguage":"en-US"},{"@type":"Organization","@id":"https:\/\/chickenclubfrance.com\/#organization","name":"kryddern","url":"https:\/\/chickenclubfrance.com\/","logo":{"@type":"ImageObject","inLanguage":"en-US","@id":"https:\/\/chickenclubfrance.com\/#\/schema\/logo\/image\/","url":"https:\/\/chickenclubfrance.com\/wp-content\/uploads\/2024\/11\/kryddern-logo.png","contentUrl":"https:\/\/chickenclubfrance.com\/wp-content\/uploads\/2024\/11\/kryddern-logo.png","width":350,"height":100,"caption":"kryddern"},"image":{"@id":"https:\/\/chickenclubfrance.com\/#\/schema\/logo\/image\/"},"sameAs":["https:\/\/facebook.com\/KryddernAS"]}]}},"_links":{"self":[{"href":"https:\/\/chickenclubfrance.com\/index.php\/wp-json\/wp\/v2\/pages\/744","targetHints":{"allow":["GET"]}}],"collection":[{"href":"https:\/\/chickenclubfrance.com\/index.php\/wp-json\/wp\/v2\/pages"}],"about":[{"href":"https:\/\/chickenclubfrance.com\/index.php\/wp-json\/wp\/v2\/types\/page"}],"author":[{"embeddable":true,"href":"https:\/\/chickenclubfrance.com\/index.php\/wp-json\/wp\/v2\/users\/2"}],"replies":[{"embeddable":true,"href":"https:\/\/chickenclubfrance.com\/index.php\/wp-json\/wp\/v2\/comments?post=744"}],"version-history":[{"count":41,"href":"https:\/\/chickenclubfrance.com\/index.php\/wp-json\/wp\/v2\/pages\/744\/revisions"}],"predecessor-version":[{"id":8543,"href":"https:\/\/chickenclubfrance.com\/index.php\/wp-json\/wp\/v2\/pages\/744\/revisions\/8543"}],"wp:attachment":[{"href":"https:\/\/chickenclubfrance.com\/index.php\/wp-json\/wp\/v2\/media?parent=744"}],"curies":[{"name":"wp","href":"https:\/\/api.w.org\/{rel}","templated":true}]}}